{"id":1617,"date":"2022-06-17T09:28:34","date_gmt":"2022-06-17T09:28:34","guid":{"rendered":"https:\/\/keramikundkulturgut.de\/?page_id=1617"},"modified":"2022-08-29T09:14:00","modified_gmt":"2022-08-29T09:14:00","slug":"sommerausstellung-2022","status":"publish","type":"page","link":"https:\/\/keramikundkulturgut.de\/?page_id=1617","title":{"rendered":"SommerAusstellung 2022"},"content":{"rendered":"<p><a href=\"https:\/\/keramikundkulturgut.de\/wp-content\/uploads\/2022\/06\/220614_Plakat_V2_final_02_300dpi.jpg\" rel=\"lightbox[1617]\"><img loading=\"lazy\" decoding=\"async\" class=\"aligncenter size-full wp-image-1613\" src=\"https:\/\/keramikundkulturgut.de\/wp-content\/uploads\/2022\/06\/220614_Plakat_V2_final_02_300dpi.jpg\" alt=\"\" width=\"424\" height=\"600\" srcset=\"https:\/\/keramikundkulturgut.de\/wp-content\/uploads\/2022\/06\/220614_Plakat_V2_final_02_300dpi.jpg 424w, https:\/\/keramikundkulturgut.de\/wp-content\/uploads\/2022\/06\/220614_Plakat_V2_final_02_300dpi-212x300.jpg 212w\" sizes=\"auto, (max-width: 424px) 100vw, 424px\" \/><\/a><\/p>\n<p>Liebe Freund:innen und Interessierte der Keramischen Werkst\u00e4tten Glindow,<\/p>\n<p>wir freuen uns sehr, Sie zur diesj\u00e4hrigen <strong>SommerAusstellung<\/strong> am <strong>03. Juli von 11-18 Uhr<\/strong>, auf das keramik&amp;kulturGUT Glindow einladen zu d\u00fcrfen.<\/p>\n<p>In diesem Jahr gibt es neben den Ausstellungen in unseren Werkst\u00e4tten auf dem Hof ein sch\u00f6nes Programm.<\/p>\n<p><strong>Thomas Bratzke<\/strong>, Zeichnungen, zu sehen in der Werkstatt von Carolin Wachter<\/p>\n<p>Die Zeichnungen der Serie \u201eMenschen und andere Gef\u00e4\u00dfe&#8220; des Bildenden K\u00fcnstlers Thomas Bratzke (*1977) werden mit Tusche, Kohle und Marker hergestellt und laden dazu ein, Lebewesen, Gegenst\u00e4nde und Zeichen als Gef\u00e4\u00dfe zu betrachten.<\/p>\n<p><a href=\"http:\/\/www.thomasbratzke.de\">www.thomasbratzke.de<\/a><\/p>\n<p><strong>Heide Rejek<\/strong>, Gef\u00e4\u00df und Zeichnung, in den Werkst\u00e4tten von Jule Grade und Maren Sahl-Bauer<\/p>\n<p>Heide Rejeks Gef\u00e4\u00dfe sind von Hand aufgebaut. Die Spuren der feinen Bewegungen vermitteln sich im<br \/>\nVolumen der Form und in der Haptik der Oberfl\u00e4che. Auch ihr graphischer Ausdruck ist gepr\u00e4gt durch<br \/>\nden Bewegungsfluss und den Kontakt beider H\u00e4nde mit dem Papier oder der Gef\u00e4\u00dfoberfl\u00e4che.<br \/>\nAnhand der Medien Gef\u00e4\u00df und Zeichnung untersucht sie die poetische Dimension von Ber\u00fchrungs-<br \/>\nund Bewegungsmomenten.<\/p>\n<p><a href=\"https:\/\/mailaden-keramik.de\/keramik\/heide.html\">https:\/\/mailaden-keramik.de\/keramik\/heide.html<\/a><\/p>\n<p><strong>&#8222;Breath, Tongue and Melody&#8220;<\/strong>, spielen auf dem Hof: um <strong>11:30<\/strong>, <strong>14:30<\/strong> und <strong>16:30<\/strong> Uhr<\/p>\n<p>Unter der Schirmherrschaft der Potsdamer Konzertreihe JazzLab und des Potsdamer Jazzfestivals Jazzoffensive wurde das Projekt &#8218;Breath, Tongue and Melody&#8216; ins Leben gerufen. Die Autorin Magdalena Weber, der Trompeter Richard Koch, der Schlagzeuger Matti Th\u00f6lert und der Pianist Nicolas Schulze haben sich mit dem Ziel zusammengetan, dem Jazz und der improvisierten Musik aus Brandenburg mehr Stimme und Sichtbarkeit zu verleihen. Mit viel Mut und Experimentierfreude entwickeln die K\u00fcnstler*Innen ihren eigenen Sound aus Sprache, Text und Musik. Die Sprachgewalt und Musikalit\u00e4t des Schriftstellers James Baldwin dient dabei ebenso als Inspirationsquelle wie die Themen Differenz versus Gemeinsamkeit oder Identit\u00e4t und Gemeinschaft. Die freien Improvisationen von &#8218;Breath, Tongue and Melody&#8216; entstehen aus dem Moment heraus und das Publikum ist eingeladen, in diesen spannenden Prozess einzutauchen!<\/p>\n<p><a href=\"http:\/\/www.nicolasschulze.de\/\">http:\/\/www.nicolasschulze.de\/<\/a><\/p>\n<p><strong>Maike Koch<\/strong>, K\u00f6rpercoaching mit der Alexander-Technik, Ausprobieren um <strong>13:00<\/strong> auf der Terrasse<\/p>\n<p>Weck die Verbindung zu deinem K\u00f6rper auf und finde Stabilit\u00e4t und Balance.<br \/>\nDie Alexander-Technik ist eine ganzheitliche Methode und hilft nachhaltig bei R\u00fccken-, Kopf-, und Nackenschmerzen, bei Atemproblemen sowie Belastung durch Stress. Insbesondere wenn du denkst, Probleme kommen durch eine schlechte K\u00f6rperhaltung, kann dir diese Arbeit wahrscheinlich gut helfen.<br \/>\n<a href=\"http:\/\/www.simio-berlin.de\">www.simio-berlin.de<\/a><\/p>\n<p><strong>&#8222;Von Hand&#8220;<\/strong>, Blumen<\/p>\n<p>Sonja und Jim Reifferscheid betreiben ihren Blumenhof &#8222;Von Hand&#8220; seit Mai 2021 in Werder. Sie bauen saisonale Schnittblumen und Gem\u00fcse an, betreiben einen Marktstand in Berlin -Zehlendorf und liefern ihre Produkte auch an private Haushalte, verschiedene Floristen und Restaurants.<\/p>\n<p><a href=\"http:\/\/www.vonhand.eu\">www.vonhand.eu<\/a><\/p>\n<p><strong>Hofimkerei Boecke<\/strong>, Honig und mehr<\/p>\n<p>Und nat\u00fcrlich ist auch f\u00fcr das kulinarische Wohl gesorgt.<\/p>\n<p>Der <strong>Biohof Werder<\/strong> zaubert wieder K\u00f6stliches aus regionalem Anbau in Bioqualit\u00e4t.<\/p>\n<p>Die Kinder d\u00fcrfen auf dem Hof t\u00f6pfern und die entstandenen Kunstwerke k\u00f6nnen bei Claudia Winter gebrannt werden.<\/p>\n<p>Zeitgleich findet schon das ganze Wochenende das <strong>Kirsch-und Ziegelfest<\/strong> am Jahnufer, im Ziegeleimuseum und im Heimatmuseum Glindow statt. Sonntag ist der Familientag mit vielen Spiel- und Bastelangeboten.<\/p>\n<p><a href=\"https:\/\/www.glindow.de\/index.php\/kirsch-und-ziegelfest\">https:\/\/www.glindow.de\/index.php\/kirsch-und-ziegelfest<\/a><\/p>\n<p>Wir freuen uns auf Ihren Besuch,<\/p>\n<p>Herzliche Gr\u00fc\u00dfe, von<\/p>\n<p><strong>Julia Winter, Maren Sahl-Bauer, Claudia Winter, Carolin Wachter, Jule und Martin Grade<\/strong><\/p>\n<p><a href=\"https:\/\/keramikundkulturgut.de\/wp-content\/uploads\/2022\/06\/220614_Plakat_V2_final_02_300dpi.jpg\" rel=\"lightbox[1617]\"><img loading=\"lazy\" decoding=\"async\" class=\"aligncenter size-full wp-image-1613\" src=\"https:\/\/keramikundkulturgut.de\/wp-content\/uploads\/2022\/06\/220614_Plakat_V2_final_02_300dpi.jpg\" alt=\"\" width=\"424\" height=\"600\" srcset=\"https:\/\/keramikundkulturgut.de\/wp-content\/uploads\/2022\/06\/220614_Plakat_V2_final_02_300dpi.jpg 424w, https:\/\/keramikundkulturgut.de\/wp-content\/uploads\/2022\/06\/220614_Plakat_V2_final_02_300dpi-212x300.jpg 212w\" sizes=\"auto, (max-width: 424px) 100vw, 424px\" \/><\/a><\/p>\n","protected":false},"excerpt":{"rendered":"<p>Liebe Freund:innen und Interessierte der Keramischen Werkst\u00e4tten Glindow, wir freuen uns sehr, Sie zur diesj\u00e4hrigen SommerAusstellung am 03. Juli von 11-18 Uhr, auf das keramik&amp;kulturGUT Glindow einladen zu d\u00fcrfen. In diesem Jahr gibt es neben den Ausstellungen in unseren Werkst\u00e4tten auf dem Hof ein sch\u00f6nes Programm. Thomas Bratzke, Zeichnungen, zu sehen in der Werkstatt von&#8230;<\/p>\n","protected":false},"author":1,"featured_media":0,"parent":0,"menu_order":0,"comment_status":"closed","ping_status":"closed","template":"","meta":{"footnotes":""},"class_list":["post-1617","page","type-page","status-publish","hentry"],"_links":{"self":[{"href":"https:\/\/keramikundkulturgut.de\/index.php?rest_route=\/wp\/v2\/pages\/1617","targetHints":{"allow":["GET"]}}],"collection":[{"href":"https:\/\/keramikundkulturgut.de\/index.php?rest_route=\/wp\/v2\/pages"}],"about":[{"href":"https:\/\/keramikundkulturgut.de\/index.php?rest_route=\/wp\/v2\/types\/page"}],"author":[{"embeddable":true,"href":"https:\/\/keramikundkulturgut.de\/index.php?rest_route=\/wp\/v2\/users\/1"}],"replies":[{"embeddable":true,"href":"https:\/\/keramikundkulturgut.de\/index.php?rest_route=%2Fwp%2Fv2%2Fcomments&post=1617"}],"version-history":[{"count":2,"href":"https:\/\/keramikundkulturgut.de\/index.php?rest_route=\/wp\/v2\/pages\/1617\/revisions"}],"predecessor-version":[{"id":1624,"href":"https:\/\/keramikundkulturgut.de\/index.php?rest_route=\/wp\/v2\/pages\/1617\/revisions\/1624"}],"wp:attachment":[{"href":"https:\/\/keramikundkulturgut.de\/index.php?rest_route=%2Fwp%2Fv2%2Fmedia&parent=1617"}],"curies":[{"name":"wp","href":"https:\/\/api.w.org\/{rel}","templated":true}]}}

<p><a href="https://keramikundkulturgut.de/wp-content/uploads/2022/06/220614_Plakat_V2_final_02_300dpi.jpg" rel="lightbox[1617]"><img loading="lazy" decoding="async" class="aligncenter size-full wp-image-1613" src="https://keramikundkulturgut.de/wp-content/uploads/2022/06/220614_Plakat_V2_final_02_300dpi.jpg" alt="" width="424" height="600" srcset="https://keramikundkulturgut.de/wp-content/uploads/2022/06/220614_Plakat_V2_final_02_300dpi.jpg 424w, https://keramikundkulturgut.de/wp-content/uploads/2022/06/220614_Plakat_V2_final_02_300dpi-212x300.jpg 212w" sizes="auto, (max-width: 424px) 100vw, 424px" /></a></p>
<p>Liebe Freund:innen und Interessierte der Keramischen Werkstätten Glindow,</p>
<p>wir freuen uns sehr, Sie zur diesjährigen <strong>SommerAusstellung</strong> am <strong>03. Juli von 11-18 Uhr</strong>, auf das keramik&amp;kulturGUT Glindow einladen zu dürfen.</p>
<p>In diesem Jahr gibt es neben den Ausstellungen in unseren Werkstätten auf dem Hof ein schönes Programm.</p>
<p><strong>Thomas Bratzke</strong>, Zeichnungen, zu sehen in der Werkstatt von Carolin Wachter</p>
<p>Die Zeichnungen der Serie „Menschen und andere Gefäße&#8220; des Bildenden Künstlers Thomas Bratzke (*1977) werden mit Tusche, Kohle und Marker hergestellt und laden dazu ein, Lebewesen, Gegenstände und Zeichen als Gefäße zu betrachten.</p>
<p><a href="http://www.thomasbratzke.de">www.thomasbratzke.de</a></p>
<p><strong>Heide Rejek</strong>, Gefäß und Zeichnung, in den Werkstätten von Jule Grade und Maren Sahl-Bauer</p>
<p>Heide Rejeks Gefäße sind von Hand aufgebaut. Die Spuren der feinen Bewegungen vermitteln sich im<br />
Volumen der Form und in der Haptik der Oberfläche. Auch ihr graphischer Ausdruck ist geprägt durch<br />
den Bewegungsfluss und den Kontakt beider Hände mit dem Papier oder der Gefäßoberfläche.<br />
Anhand der Medien Gefäß und Zeichnung untersucht sie die poetische Dimension von Berührungs-<br />
und Bewegungsmomenten.</p>
<p><a href="https://mailaden-keramik.de/keramik/heide.html">https://mailaden-keramik.de/keramik/heide.html</a></p>
<p><strong>&#8222;Breath, Tongue and Melody&#8220;</strong>, spielen auf dem Hof: um <strong>11:30</strong>, <strong>14:30</strong> und <strong>16:30</strong> Uhr</p>
<p>Unter der Schirmherrschaft der Potsdamer Konzertreihe JazzLab und des Potsdamer Jazzfestivals Jazzoffensive wurde das Projekt &#8218;Breath, Tongue and Melody&#8216; ins Leben gerufen. Die Autorin Magdalena Weber, der Trompeter Richard Koch, der Schlagzeuger Matti Thölert und der Pianist Nicolas Schulze haben sich mit dem Ziel zusammengetan, dem Jazz und der improvisierten Musik aus Brandenburg mehr Stimme und Sichtbarkeit zu verleihen. Mit viel Mut und Experimentierfreude entwickeln die Künstler*Innen ihren eigenen Sound aus Sprache, Text und Musik. Die Sprachgewalt und Musikalität des Schriftstellers James Baldwin dient dabei ebenso als Inspirationsquelle wie die Themen Differenz versus Gemeinsamkeit oder Identität und Gemeinschaft. Die freien Improvisationen von &#8218;Breath, Tongue and Melody&#8216; entstehen aus dem Moment heraus und das Publikum ist eingeladen, in diesen spannenden Prozess einzutauchen!</p>
<p><a href="http://www.nicolasschulze.de/">http://www.nicolasschulze.de/</a></p>
<p><strong>Maike Koch</strong>, Körpercoaching mit der Alexander-Technik, Ausprobieren um <strong>13:00</strong> auf der Terrasse</p>
<p>Weck die Verbindung zu deinem Körper auf und finde Stabilität und Balance.<br />
Die Alexander-Technik ist eine ganzheitliche Methode und hilft nachhaltig bei Rücken-, Kopf-, und Nackenschmerzen, bei Atemproblemen sowie Belastung durch Stress. Insbesondere wenn du denkst, Probleme kommen durch eine schlechte Körperhaltung, kann dir diese Arbeit wahrscheinlich gut helfen.<br />
<a href="http://www.simio-berlin.de">www.simio-berlin.de</a></p>
<p><strong>&#8222;Von Hand&#8220;</strong>, Blumen</p>
<p>Sonja und Jim Reifferscheid betreiben ihren Blumenhof &#8222;Von Hand&#8220; seit Mai 2021 in Werder. Sie bauen saisonale Schnittblumen und Gemüse an, betreiben einen Marktstand in Berlin -Zehlendorf und liefern ihre Produkte auch an private Haushalte, verschiedene Floristen und Restaurants.</p>
<p><a href="http://www.vonhand.eu">www.vonhand.eu</a></p>
<p><strong>Hofimkerei Boecke</strong>, Honig und mehr</p>
<p>Und natürlich ist auch für das kulinarische Wohl gesorgt.</p>
<p>Der <strong>Biohof Werder</strong> zaubert wieder Köstliches aus regionalem Anbau in Bioqualität.</p>
<p>Die Kinder dürfen auf dem Hof töpfern und die entstandenen Kunstwerke können bei Claudia Winter gebrannt werden.</p>
<p>Zeitgleich findet schon das ganze Wochenende das <strong>Kirsch-und Ziegelfest</strong> am Jahnufer, im Ziegeleimuseum und im Heimatmuseum Glindow statt. Sonntag ist der Familientag mit vielen Spiel- und Bastelangeboten.</p>
<p><a href="https://www.glindow.de/index.php/kirsch-und-ziegelfest">https://www.glindow.de/index.php/kirsch-und-ziegelfest</a></p>
<p>Wir freuen uns auf Ihren Besuch,</p>
<p>Herzliche Grüße, von</p>
<p><strong>Julia Winter, Maren Sahl-Bauer, Claudia Winter, Carolin Wachter, Jule und Martin Grade</strong></p>
<p><a href="https://keramikundkulturgut.de/wp-content/uploads/2022/06/220614_Plakat_V2_final_02_300dpi.jpg" rel="lightbox[1617]"><img loading="lazy" decoding="async" class="aligncenter size-full wp-image-1613" src="https://keramikundkulturgut.de/wp-content/uploads/2022/06/220614_Plakat_V2_final_02_300dpi.jpg" alt="" width="424" height="600" srcset="https://keramikundkulturgut.de/wp-content/uploads/2022/06/220614_Plakat_V2_final_02_300dpi.jpg 424w, https://keramikundkulturgut.de/wp-content/uploads/2022/06/220614_Plakat_V2_final_02_300dpi-212x300.jpg 212w" sizes="auto, (max-width: 424px) 100vw, 424px" /></a></p>

<p>Liebe Freund:innen und Interessierte der Keramischen Werkstätten Glindow, wir freuen uns sehr, Sie zur diesjährigen SommerAusstellung am 03. Juli von 11-18 Uhr, auf das keramik&amp;kulturGUT Glindow einladen zu dürfen. In diesem Jahr gibt es neben den Ausstellungen in unseren Werkstätten auf dem Hof ein schönes Programm. Thomas Bratzke, Zeichnungen, zu sehen in der Werkstatt von&#8230;</p>
