{"id":1071,"date":"2019-06-28T21:14:36","date_gmt":"2019-06-28T21:14:36","guid":{"rendered":"http:\/\/keramikundkulturgut.de\/?page_id=1071"},"modified":"2020-01-13T21:30:18","modified_gmt":"2020-01-13T21:30:18","slug":"sommerausstellung-2019","status":"publish","type":"page","link":"https:\/\/keramikundkulturgut.de\/?page_id=1071","title":{"rendered":"SommerAusstellung 2019"},"content":{"rendered":"\n<h2 class=\"wp-block-heading\"><\/h2>\n\n\n\n<figure class=\"wp-block-image size-large\"><img loading=\"lazy\" decoding=\"async\" width=\"700\" height=\"990\" src=\"https:\/\/keramikundkulturgut.de\/wp-content\/uploads\/2019\/06\/Plakat-19-700x990.jpg\" alt=\"\" class=\"wp-image-1066\" srcset=\"https:\/\/keramikundkulturgut.de\/wp-content\/uploads\/2019\/06\/Plakat-19-700x990.jpg 700w, https:\/\/keramikundkulturgut.de\/wp-content\/uploads\/2019\/06\/Plakat-19-212x300.jpg 212w, https:\/\/keramikundkulturgut.de\/wp-content\/uploads\/2019\/06\/Plakat-19-768x1086.jpg 768w\" sizes=\"auto, (max-width: 700px) 100vw, 700px\" \/><\/figure>\n\n\n\n<p>\nLiebe Freunde und Interessierte der Keramischen Werkst\u00e4tten Glindow e.V.,<\/p>\n\n\n\n<p>der Sommer ist da, mit all seiner Pracht und St\u00e4rke. Da wird es Zeit unsere SommerAusstellung 2019 anzuk\u00fcndigen. Am Sonntag, den 07.07.2019 von 11-17 Uhr laden wir Sie herzlich ein, anl\u00e4\u00dflich des Glindower Kirsch-und Ziegelfestes, uns auf dem keramik&amp;kulturGUT Glindow zu besuchen und einige Neuheiten zu entdecken&#8230;<\/p>\n\n\n\n<p>So feiern wir die Er\u00f6ffnung des neuen Schmuckateliers von Maren Sahl-Bauer in der ehemaligen Werkstatt von Mike Wagner (der inzwischen vergn\u00fcgt in Kanada weilt..).Die Berliner Schmuckgestalterin Maren Sahl-Bauer fertigt filigranen, individuellen Schmuck, zumeist Unikate, aus Silber, teils mit Email, ausgew\u00e4hlten Steinen und seit ihrer Zeit in meiner Porzellanwerkstatt- auch Porzellan! <a href=\"http:\/\/www.sahlbauer.de\" target=\"_blank\" rel=\"noreferrer noopener\">http:\/\/www.sahlbauer.de<\/a><\/p>\n\n\n\n<p>Eine weitere gro\u00dfartige Neuerung\/ Erweiterung der Keramischen Werkst\u00e4tten k\u00f6nnen wir an dieser Stelle auch bekannt geben&nbsp;&nbsp;&nbsp;&nbsp;&nbsp;&nbsp;&nbsp;&nbsp;&nbsp;&nbsp;&nbsp;&nbsp; &nbsp; &nbsp; &nbsp; &nbsp; &nbsp; &nbsp; <em>&#8230; trommelwirbel&#8230;<\/em> &nbsp;&nbsp;&nbsp;&nbsp;&nbsp;&nbsp;&nbsp;&nbsp;&nbsp;&nbsp;&nbsp;&nbsp;&nbsp;&nbsp;&nbsp;&nbsp;&nbsp;&nbsp;&nbsp;&nbsp;&nbsp;&nbsp;&nbsp;&nbsp;&nbsp;&nbsp;&nbsp;&nbsp;&nbsp;&nbsp;&nbsp;&nbsp;&nbsp;&nbsp;&nbsp; &nbsp; unsere gesch\u00e4tze Kollegin und Freundin Carolin Wachter wird zuk\u00fcnftig auch ihre Werkstatt hier auf dem Hof haben. Sie wird sich das kleine Geb\u00e4ude vis-a-vis unserer Werkst\u00e4tten ausbauen und zur SommerAusstellung zum ersten Mal diese R\u00e4umlichkeiten mit ihren wundersch\u00f6nen, pr\u00e4zisen Porzellangef\u00e4\u00dfen bespielen.  <a rel=\"noreferrer noopener\" href=\"http:\/\/www.wachter-porzellan.de\/\" target=\"_blank\">http:\/\/www.wachter-porzellan.de\/<\/a><\/p>\n\n\n\n<p>Zu Gast ist die Keramikerin\/K\u00fcnstlerin\/Sozialp\u00e4dagogin Heide Rejek aus Berlin, mit ihren intensiven und durchaus intimen, aber sehr ausdrucksstarken Gef\u00e4\u00dfen. &#8220; Das Bed\u00fcrfnis Gef\u00e4\u00dfe zu gestalten, zieht sich Kultur\u00fcbergreifend durch die Geschichte der Menschheit. Durch meine keramische Arbeit f\u00fchle ich mich verbunden mit dieser reichen Tradition. Wie selbverst\u00e4ndlich verm\u00f6gen Gef\u00e4\u00dfe es, Inhalte aufzunehmen und freizusetzen. Sie haben das Potential, sowohl der Frage nach dem Unfassbaren als auch dem morgendlichen Kaffee gerecht zu werden. Durch Betrachtung oder Gebrauch entwickelt sich ein Dialog, der dem Alltag Klang und Farbe verleiht.&#8220; (Zitat Heide Rejek) <a rel=\"noreferrer noopener\" href=\"https:\/\/www.mailaden.de\/keramik\/heide.html\" target=\"_blank\">https:\/\/www.mailaden.de\/keramik\/heide.html<\/a><\/p>\n\n\n\n<p>Die Poetin Etta Streicher verzaubert uns ein weiteres Mal. Diesmal mit &#8222;Poesie am \u00f6ffentlichen Baum&#8220; mit Texten aus ihrem Lyrikband &#8222;menschenfressereins&#8220; und textilen Siebdrucken. <a href=\"https:\/\/ettastreicher.wordpress.com\/\" target=\"_blank\" rel=\"noreferrer noopener\">https:\/\/ettastreicher.wordpress.com\/<\/a><\/p>\n\n\n\n<p>F\u00fcr das leibliche Wohl sorgt der Biohof Werder. Hausgemachten K\u00f6stlichkeiten in Bioqualit\u00e4t laden Sie zum Verweilen ein.<br>Zeitgleich zur SommerAusstellung ist in der Neuen Ziegelmanufaktur Glindow und auch im Ziegeleimuseum Tag der offenen T\u00fcr bei freiem Eintritt und parallel dazu gibt es auf der Festwiese am Jahnufer ein buntes Programm.<a href=\"https:\/\/www.glindow.de\/index.php\/kirsch-und-ziegelfest\" target=\"_blank\" rel=\"noreferrer noopener\">https:\/\/www.glindow.de\/index.php\/kirsch-und-ziegelfest<\/a><\/p>\n\n\n\n<p>Wir freuen uns einen sch\u00f6nen Sommertag mit Ihnen in Glindow verbringen zu d\u00fcrfen.<br>Mit herzlichen Gr\u00fc\u00dfen,<\/p>\n\n\n\n<p> Julia Winter, Maren Sahl-Bauer, Claudia Winter, Martin und Jule Grade mit Carolin Wachter<\/p>\n\n\n\n<figure class=\"wp-block-image\"><img loading=\"lazy\" decoding=\"async\" width=\"700\" height=\"337\" src=\"https:\/\/keramikundkulturgut.de\/wp-content\/uploads\/2019\/06\/die-karte-19-700x337.jpg\" alt=\"\" class=\"wp-image-1074\" srcset=\"https:\/\/keramikundkulturgut.de\/wp-content\/uploads\/2019\/06\/die-karte-19-700x337.jpg 700w, https:\/\/keramikundkulturgut.de\/wp-content\/uploads\/2019\/06\/die-karte-19-300x144.jpg 300w, https:\/\/keramikundkulturgut.de\/wp-content\/uploads\/2019\/06\/die-karte-19-768x370.jpg 768w\" sizes=\"auto, (max-width: 700px) 100vw, 700px\" \/><\/figure>\n\n\n\n<p><\/p>\n","protected":false},"excerpt":{"rendered":"<p>Liebe Freunde und Interessierte der Keramischen Werkst\u00e4tten Glindow e.V., der Sommer ist da, mit all seiner Pracht und St\u00e4rke. Da wird es Zeit unsere SommerAusstellung 2019 anzuk\u00fcndigen. Am Sonntag, den 07.07.2019 von 11-17 Uhr laden wir Sie herzlich ein, anl\u00e4\u00dflich des Glindower Kirsch-und Ziegelfestes, uns auf dem keramik&amp;kulturGUT Glindow zu besuchen und einige Neuheiten zu&#8230;<\/p>\n","protected":false},"author":1,"featured_media":0,"parent":0,"menu_order":0,"comment_status":"closed","ping_status":"closed","template":"","meta":{"footnotes":""},"class_list":["post-1071","page","type-page","status-publish","hentry"],"_links":{"self":[{"href":"https:\/\/keramikundkulturgut.de\/index.php?rest_route=\/wp\/v2\/pages\/1071","targetHints":{"allow":["GET"]}}],"collection":[{"href":"https:\/\/keramikundkulturgut.de\/index.php?rest_route=\/wp\/v2\/pages"}],"about":[{"href":"https:\/\/keramikundkulturgut.de\/index.php?rest_route=\/wp\/v2\/types\/page"}],"author":[{"embeddable":true,"href":"https:\/\/keramikundkulturgut.de\/index.php?rest_route=\/wp\/v2\/users\/1"}],"replies":[{"embeddable":true,"href":"https:\/\/keramikundkulturgut.de\/index.php?rest_route=%2Fwp%2Fv2%2Fcomments&post=1071"}],"version-history":[{"count":6,"href":"https:\/\/keramikundkulturgut.de\/index.php?rest_route=\/wp\/v2\/pages\/1071\/revisions"}],"predecessor-version":[{"id":1105,"href":"https:\/\/keramikundkulturgut.de\/index.php?rest_route=\/wp\/v2\/pages\/1071\/revisions\/1105"}],"wp:attachment":[{"href":"https:\/\/keramikundkulturgut.de\/index.php?rest_route=%2Fwp%2Fv2%2Fmedia&parent=1071"}],"curies":[{"name":"wp","href":"https:\/\/api.w.org\/{rel}","templated":true}]}}